{"id":13,"date":"2022-08-10T18:09:24","date_gmt":"2022-08-10T21:09:24","guid":{"rendered":"http:\/\/nobratta.com.br\/?page_id=13"},"modified":"2022-11-06T16:26:48","modified_gmt":"2022-11-06T19:26:48","slug":"certificacao-angus","status":"publish","type":"page","link":"https:\/\/nobratta.com.br\/?page_id=13","title":{"rendered":"Certifica\u00e7\u00e3o Angus"},"content":{"rendered":"<p>O Programa<strong> Carne Angus Certificada<\/strong> fomenta o crescimento da ra\u00e7a <strong>Angus<\/strong>, uma ra\u00e7a de bovinos que tem origem na Esc\u00f3cia, destinada \u00e0 produ\u00e7\u00e3o de <strong>carne de qualidade<\/strong> superior, mais macia, saborosa e suculenta. A certtifica\u00e7\u00e3o fortalece e integra a cadeia produtiva e garante um <strong>produto de alta qualidade<\/strong>, valorizado no mercado, para atender os consumidores mais exigentes.<\/p>\n<p>Os t\u00e9cnicos da <strong>Associa\u00e7\u00e3o Brasileira de Angus<\/strong> t\u00eam dedica\u00e7\u00e3o exclusiva ao Programa <strong>Carne Angus Certificada<\/strong> e acompanham todas as etapas do processo, assegurando a identidade do produto e seu elevado n\u00edvel de qualidade. Os animais s\u00e3o inspecionados nos currais, e o processo industrial tamb\u00e9m \u00e9 vistoriado, desde a tipifica\u00e7\u00e3o das carca\u00e7as \u00e0 certifica\u00e7\u00e3o de desossa, garantindo assim, a <strong>rastreabilidade da carne.<\/strong><\/p>\n<p>Nas visitas \u00e0s propriedades, os profissionais trocam informa\u00e7\u00f5es com os produtores, colaborando para a <strong>qualifica\u00e7\u00e3o da pecu\u00e1ria<\/strong> e o aumento da disponibilidade de produtos.<\/p>\n<p>Atualmente, participam do programa 33 unidades <strong>frigor\u00edficas<\/strong> de 10 parceiros, incluindo os <strong>principais frigor\u00edficos<\/strong> do pa\u00eds, em 10 estados brasileiros. J\u00e1 s\u00e3o mais de 5 mil produtores beneficiados.<\/p>\n<p>Ao escolher uma<strong> carne com selo de certifica\u00e7\u00e3o<\/strong>, como <strong>Nobratta<\/strong>, o consumidor tem a garantia de que est\u00e1 adquirindo um <strong>produto de alta qualidade.<\/strong><\/p>\n<p><img decoding=\"async\" class=\"alignnone size-full wp-image-37 aligncenter\" src=\"https:\/\/nobratta.com.br\/wp-content\/uploads\/2022\/08\/selo-angus.png\" alt=\"\" width=\"180\" height=\"270\" \/><\/p>\n","protected":false},"excerpt":{"rendered":"<p>O Programa Carne Angus Certificada fomenta o crescimento da ra\u00e7a Angus, uma ra\u00e7a de bovinos que tem origem na Esc\u00f3cia, destinada \u00e0 produ\u00e7\u00e3o de carne de qualidade superior, mais macia, saborosa e suculenta. A certtifica\u00e7\u00e3o fortalece e integra a cadeia produtiva e garante um produto de alta qualidade, valorizado no mercado, para atender os consumidores [&hellip;]<\/p>\n","protected":false},"author":1,"featured_media":0,"parent":0,"menu_order":3,"comment_status":"closed","ping_status":"closed","template":"","meta":{"_acf_changed":false,"_eb_attr":"","footnotes":""},"class_list":["post-13","page","type-page","status-publish","hentry"],"acf":[],"yoast_head":"<!-- This site is optimized with the Yoast SEO plugin v27.4 - https:\/\/yoast.com\/product\/yoast-seo-wordpress\/ -->\n<title>Certifica\u00e7\u00e3o Angus - Nobratta<\/title>\n<meta name=\"robots\" content=\"index, follow, max-snippet:-1, max-image-preview:large, max-video-preview:-1\" \/>\n<link rel=\"canonical\" href=\"https:\/\/nobratta.com.br\/?page_id=13\" \/>\n<meta property=\"og:locale\" content=\"pt_BR\" \/>\n<meta property=\"og:type\" content=\"article\" \/>\n<meta property=\"og:title\" content=\"Certifica\u00e7\u00e3o Angus - Nobratta\" \/>\n<meta property=\"og:description\" content=\"O Programa Carne Angus Certificada fomenta o crescimento da ra\u00e7a Angus, uma ra\u00e7a de bovinos que tem origem na Esc\u00f3cia, destinada \u00e0 produ\u00e7\u00e3o de carne de qualidade superior, mais macia, saborosa e suculenta. A certtifica\u00e7\u00e3o fortalece e integra a cadeia produtiva e garante um produto de alta qualidade, valorizado no mercado, para atender os consumidores [&hellip;]\" \/>\n<meta property=\"og:url\" content=\"https:\/\/nobratta.com.br\/?page_id=13\" \/>\n<meta property=\"og:site_name\" content=\"Nobratta\" \/>\n<meta property=\"article:modified_time\" content=\"2022-11-06T19:26:48+00:00\" \/>\n<meta property=\"og:image\" content=\"http:\/\/nobratta.com.br\/wp-content\/uploads\/2022\/08\/selo-angus.png\" \/>\n<meta name=\"twitter:card\" content=\"summary_large_image\" \/>\n<meta name=\"twitter:label1\" content=\"Est. tempo de leitura\" \/>\n\t<meta name=\"twitter:data1\" content=\"1 minuto\" \/>\n<script type=\"application\/ld+json\" class=\"yoast-schema-graph\">{\"@context\":\"https:\\\/\\\/schema.org\",\"@graph\":[{\"@type\":\"WebPage\",\"@id\":\"https:\\\/\\\/nobratta.com.br\\\/?page_id=13\",\"url\":\"https:\\\/\\\/nobratta.com.br\\\/?page_id=13\",\"name\":\"Certifica\u00e7\u00e3o Angus - Nobratta\",\"isPartOf\":{\"@id\":\"https:\\\/\\\/nobratta.com.br\\\/#website\"},\"primaryImageOfPage\":{\"@id\":\"https:\\\/\\\/nobratta.com.br\\\/?page_id=13#primaryimage\"},\"image\":{\"@id\":\"https:\\\/\\\/nobratta.com.br\\\/?page_id=13#primaryimage\"},\"thumbnailUrl\":\"http:\\\/\\\/nobratta.com.br\\\/wp-content\\\/uploads\\\/2022\\\/08\\\/selo-angus.png\",\"datePublished\":\"2022-08-10T21:09:24+00:00\",\"dateModified\":\"2022-11-06T19:26:48+00:00\",\"breadcrumb\":{\"@id\":\"https:\\\/\\\/nobratta.com.br\\\/?page_id=13#breadcrumb\"},\"inLanguage\":\"pt-BR\",\"potentialAction\":[{\"@type\":\"ReadAction\",\"target\":[\"https:\\\/\\\/nobratta.com.br\\\/?page_id=13\"]}]},{\"@type\":\"ImageObject\",\"inLanguage\":\"pt-BR\",\"@id\":\"https:\\\/\\\/nobratta.com.br\\\/?page_id=13#primaryimage\",\"url\":\"https:\\\/\\\/nobratta.com.br\\\/wp-content\\\/uploads\\\/2022\\\/08\\\/selo-angus.png\",\"contentUrl\":\"https:\\\/\\\/nobratta.com.br\\\/wp-content\\\/uploads\\\/2022\\\/08\\\/selo-angus.png\",\"width\":180,\"height\":270},{\"@type\":\"BreadcrumbList\",\"@id\":\"https:\\\/\\\/nobratta.com.br\\\/?page_id=13#breadcrumb\",\"itemListElement\":[{\"@type\":\"ListItem\",\"position\":1,\"name\":\"In\u00edcio\",\"item\":\"https:\\\/\\\/nobratta.com.br\\\/\"},{\"@type\":\"ListItem\",\"position\":2,\"name\":\"Certifica\u00e7\u00e3o Angus\"}]},{\"@type\":\"WebSite\",\"@id\":\"https:\\\/\\\/nobratta.com.br\\\/#website\",\"url\":\"https:\\\/\\\/nobratta.com.br\\\/\",\"name\":\"Nobratta\",\"description\":\"A nobreza da carne Angus\",\"publisher\":{\"@id\":\"https:\\\/\\\/nobratta.com.br\\\/#organization\"},\"potentialAction\":[{\"@type\":\"SearchAction\",\"target\":{\"@type\":\"EntryPoint\",\"urlTemplate\":\"https:\\\/\\\/nobratta.com.br\\\/?s={search_term_string}\"},\"query-input\":{\"@type\":\"PropertyValueSpecification\",\"valueRequired\":true,\"valueName\":\"search_term_string\"}}],\"inLanguage\":\"pt-BR\"},{\"@type\":\"Organization\",\"@id\":\"https:\\\/\\\/nobratta.com.br\\\/#organization\",\"name\":\"Nobratta\",\"url\":\"https:\\\/\\\/nobratta.com.br\\\/\",\"logo\":{\"@type\":\"ImageObject\",\"inLanguage\":\"pt-BR\",\"@id\":\"https:\\\/\\\/nobratta.com.br\\\/#\\\/schema\\\/logo\\\/image\\\/\",\"url\":\"https:\\\/\\\/nobratta.com.br\\\/wp-content\\\/uploads\\\/2023\\\/03\\\/Copia-de-SELO_NOBRATTA.png\",\"contentUrl\":\"https:\\\/\\\/nobratta.com.br\\\/wp-content\\\/uploads\\\/2023\\\/03\\\/Copia-de-SELO_NOBRATTA.png\",\"width\":1920,\"height\":1080,\"caption\":\"Nobratta\"},\"image\":{\"@id\":\"https:\\\/\\\/nobratta.com.br\\\/#\\\/schema\\\/logo\\\/image\\\/\"}}]}<\/script>\n<!-- \/ Yoast SEO plugin. -->","yoast_head_json":{"title":"Certifica\u00e7\u00e3o Angus - Nobratta","robots":{"index":"index","follow":"follow","max-snippet":"max-snippet:-1","max-image-preview":"max-image-preview:large","max-video-preview":"max-video-preview:-1"},"canonical":"https:\/\/nobratta.com.br\/?page_id=13","og_locale":"pt_BR","og_type":"article","og_title":"Certifica\u00e7\u00e3o Angus - Nobratta","og_description":"O Programa Carne Angus Certificada fomenta o crescimento da ra\u00e7a Angus, uma ra\u00e7a de bovinos que tem origem na Esc\u00f3cia, destinada \u00e0 produ\u00e7\u00e3o de carne de qualidade superior, mais macia, saborosa e suculenta. A certtifica\u00e7\u00e3o fortalece e integra a cadeia produtiva e garante um produto de alta qualidade, valorizado no mercado, para atender os consumidores [&hellip;]","og_url":"https:\/\/nobratta.com.br\/?page_id=13","og_site_name":"Nobratta","article_modified_time":"2022-11-06T19:26:48+00:00","og_image":[{"url":"http:\/\/nobratta.com.br\/wp-content\/uploads\/2022\/08\/selo-angus.png","type":"","width":"","height":""}],"twitter_card":"summary_large_image","twitter_misc":{"Est. tempo de leitura":"1 minuto"},"schema":{"@context":"https:\/\/schema.org","@graph":[{"@type":"WebPage","@id":"https:\/\/nobratta.com.br\/?page_id=13","url":"https:\/\/nobratta.com.br\/?page_id=13","name":"Certifica\u00e7\u00e3o Angus - Nobratta","isPartOf":{"@id":"https:\/\/nobratta.com.br\/#website"},"primaryImageOfPage":{"@id":"https:\/\/nobratta.com.br\/?page_id=13#primaryimage"},"image":{"@id":"https:\/\/nobratta.com.br\/?page_id=13#primaryimage"},"thumbnailUrl":"http:\/\/nobratta.com.br\/wp-content\/uploads\/2022\/08\/selo-angus.png","datePublished":"2022-08-10T21:09:24+00:00","dateModified":"2022-11-06T19:26:48+00:00","breadcrumb":{"@id":"https:\/\/nobratta.com.br\/?page_id=13#breadcrumb"},"inLanguage":"pt-BR","potentialAction":[{"@type":"ReadAction","target":["https:\/\/nobratta.com.br\/?page_id=13"]}]},{"@type":"ImageObject","inLanguage":"pt-BR","@id":"https:\/\/nobratta.com.br\/?page_id=13#primaryimage","url":"https:\/\/nobratta.com.br\/wp-content\/uploads\/2022\/08\/selo-angus.png","contentUrl":"https:\/\/nobratta.com.br\/wp-content\/uploads\/2022\/08\/selo-angus.png","width":180,"height":270},{"@type":"BreadcrumbList","@id":"https:\/\/nobratta.com.br\/?page_id=13#breadcrumb","itemListElement":[{"@type":"ListItem","position":1,"name":"In\u00edcio","item":"https:\/\/nobratta.com.br\/"},{"@type":"ListItem","position":2,"name":"Certifica\u00e7\u00e3o Angus"}]},{"@type":"WebSite","@id":"https:\/\/nobratta.com.br\/#website","url":"https:\/\/nobratta.com.br\/","name":"Nobratta","description":"A nobreza da carne Angus","publisher":{"@id":"https:\/\/nobratta.com.br\/#organization"},"potentialAction":[{"@type":"SearchAction","target":{"@type":"EntryPoint","urlTemplate":"https:\/\/nobratta.com.br\/?s={search_term_string}"},"query-input":{"@type":"PropertyValueSpecification","valueRequired":true,"valueName":"search_term_string"}}],"inLanguage":"pt-BR"},{"@type":"Organization","@id":"https:\/\/nobratta.com.br\/#organization","name":"Nobratta","url":"https:\/\/nobratta.com.br\/","logo":{"@type":"ImageObject","inLanguage":"pt-BR","@id":"https:\/\/nobratta.com.br\/#\/schema\/logo\/image\/","url":"https:\/\/nobratta.com.br\/wp-content\/uploads\/2023\/03\/Copia-de-SELO_NOBRATTA.png","contentUrl":"https:\/\/nobratta.com.br\/wp-content\/uploads\/2023\/03\/Copia-de-SELO_NOBRATTA.png","width":1920,"height":1080,"caption":"Nobratta"},"image":{"@id":"https:\/\/nobratta.com.br\/#\/schema\/logo\/image\/"}}]}},"_links":{"self":[{"href":"https:\/\/nobratta.com.br\/index.php?rest_route=\/wp\/v2\/pages\/13","targetHints":{"allow":["GET"]}}],"collection":[{"href":"https:\/\/nobratta.com.br\/index.php?rest_route=\/wp\/v2\/pages"}],"about":[{"href":"https:\/\/nobratta.com.br\/index.php?rest_route=\/wp\/v2\/types\/page"}],"author":[{"embeddable":true,"href":"https:\/\/nobratta.com.br\/index.php?rest_route=\/wp\/v2\/users\/1"}],"replies":[{"embeddable":true,"href":"https:\/\/nobratta.com.br\/index.php?rest_route=%2Fwp%2Fv2%2Fcomments&post=13"}],"version-history":[{"count":7,"href":"https:\/\/nobratta.com.br\/index.php?rest_route=\/wp\/v2\/pages\/13\/revisions"}],"predecessor-version":[{"id":531,"href":"https:\/\/nobratta.com.br\/index.php?rest_route=\/wp\/v2\/pages\/13\/revisions\/531"}],"wp:attachment":[{"href":"https:\/\/nobratta.com.br\/index.php?rest_route=%2Fwp%2Fv2%2Fmedia&parent=13"}],"curies":[{"name":"wp","href":"https:\/\/api.w.org\/{rel}","templated":true}]}}